{"id":490,"date":"2026-02-25T16:31:32","date_gmt":"2026-02-25T15:31:32","guid":{"rendered":"https:\/\/stage2.fes25.eu\/?page_id=490"},"modified":"2026-03-20T15:16:00","modified_gmt":"2026-03-20T14:16:00","slug":"impressum","status":"publish","type":"page","link":"https:\/\/stage2.fes25.eu\/?page_id=490","title":{"rendered":"Impressum"},"content":{"rendered":"\n<p><strong>Sch\u00fctzenverein Eisingen e.V. Weberstra\u00dfe 60 75239 Eisingen<\/strong><\/p>\n\n\n\n<p><strong>Vertretungsberechtigter Vorstand (\u00a7\u202f26 BGB)<\/strong><\/p>\n\n\n\n<p>Thomas Henne \u2013 1. Vorsitzender E\u2011Mail: <span class=\"safe-email\" data-email=\"1.vorstand@schuetzenverein-eisingen.de\"><\/span>\n    <script>\n        document.addEventListener(\"DOMContentLoaded\", function() {\n            document.querySelectorAll(\".safe-email\").forEach(function(el) {\n                var email = el.getAttribute(\"data-email\");\n                el.innerHTML = \"<a href=mailto:\" + email + \">\" + email + \"<\/a>\";\n            });\n        });\n    <\/script><\/p>\n\n\n\n<p>Ralf Glo\u00df \u2013 2. Vorsitzender E\u2011Mail: <span class=\"safe-email\" data-email=\"2.vorstand@schuetzenverein-eisingen.de\"><\/span>\n    <script>\n        document.addEventListener(\"DOMContentLoaded\", function() {\n            document.querySelectorAll(\".safe-email\").forEach(function(el) {\n                var email = el.getAttribute(\"data-email\");\n                el.innerHTML = \"<a href=mailto:\" + email + \">\" + email + \"<\/a>\";\n            });\n        });\n    <\/script><\/p>\n\n\n\n<p>Kontakt E\u2011Mail: <span class=\"safe-email\" data-email=\"info@schuetzenverein-eisingen.de\"><\/span>\n    <script>\n        document.addEventListener(\"DOMContentLoaded\", function() {\n            document.querySelectorAll(\".safe-email\").forEach(function(el) {\n                var email = el.getAttribute(\"data-email\");\n                el.innerHTML = \"<a href=mailto:\" + email + \">\" + email + \"<\/a>\";\n            });\n        });\n    <\/script><\/p>\n\n\n\n<p><strong>Vereinsregister<\/strong><\/p>\n\n\n\n<p>Eingetragen im Vereinsregister Registergericht: Amtsgericht Mannheim, Registernummer: VR 500145<\/p>\n\n\n\n<p><strong>Inhaltlich Verantwortlich gem\u00e4\u00df \u00a7\u202f18 Abs.\u202f2 MStV<\/strong><\/p>\n\n\n\n<p>Thomas Henne, Weberstra\u00dfe 60 75239 Eisingen<\/p>\n\n\n\n<p><strong>Hosting \/ Technische Umsetzung<\/strong><\/p>\n\n\n\n<p>Die Webseite schuetzenverein-eisingen.de wird auf einem privaten vServer der Firma Netcup betrieben. Vertragsinhaber des Servers:<\/p>\n\n\n\n<p>Stefan Wagner, Friedrich\u2011Ebert\u2011Str. 25 75177 Pforzheim<\/p>\n\n\n\n<p><strong>Haftungsausschluss<\/strong><\/p>\n\n\n\n<p><strong>Haftung f\u00fcr Inhalte<\/strong><\/p>\n\n\n\n<p>Wir sind f\u00fcr eigene Inhalte auf diesen Seiten nach den allgemeinen Gesetzen verantwortlich. Eine Gew\u00e4hr f\u00fcr die Richtigkeit, Vollst\u00e4ndigkeit und Aktualit\u00e4t der Inhalte \u00fcbernehmen wir nicht.<\/p>\n\n\n\n<p><strong>Haftung f\u00fcr Links<\/strong><\/p>\n\n\n\n<p>Unsere Webseite enth\u00e4lt ggf. Links zu externen Webseiten Dritter, auf deren Inhalte wir keinen Einfluss haben. F\u00fcr diese fremden Inhalte \u00fcbernehmen wir keine Gew\u00e4hr. F\u00fcr die Inhalte der verlinkten Seiten ist stets der jeweilige Anbieter oder Betreiber verantwortlich.<\/p>\n\n\n\n<p><strong>Urheberrecht<\/strong><\/p>\n\n\n\n<p>Die durch den Verein erstellten Inhalte und Werke auf dieser Webseite unterliegen dem deutschen Urheberrecht. Beitr\u00e4ge Dritter sind entsprechend gekennzeichnet. Die Vervielf\u00e4ltigung, Bearbeitung oder Verbreitung au\u00dferhalb der Grenzen des Urheberrechts bedarf der schriftlichen Zustimmung des Vereins.<\/p>\n\n\n\n<p><\/p>\n\n\n\n<p><\/p>\n","protected":false},"excerpt":{"rendered":"<p>Sch\u00fctzenverein Eisingen e.V. Weberstra\u00dfe 60 75239 Eisingen Vertretungsberechtigter Vorstand (\u00a7\u202f26 BGB) Thomas Henne \u2013 1. Vorsitzender E\u2011Mail: Ralf Glo\u00df \u2013 [&hellip;]<\/p>\n","protected":false},"author":1,"featured_media":0,"parent":0,"menu_order":0,"comment_status":"closed","ping_status":"closed","template":"","meta":{"site-sidebar-layout":"default","site-content-layout":"","ast-site-content-layout":"default","site-content-style":"default","site-sidebar-style":"default","ast-global-header-display":"","ast-banner-title-visibility":"","ast-main-header-display":"","ast-hfb-above-header-display":"","ast-hfb-below-header-display":"","ast-hfb-mobile-header-display":"","site-post-title":"","ast-breadcrumbs-content":"","ast-featured-img":"","footer-sml-layout":"","ast-disable-related-posts":"","theme-transparent-header-meta":"","adv-header-id-meta":"","stick-header-meta":"","header-above-stick-meta":"","header-main-stick-meta":"","header-below-stick-meta":"","astra-migrate-meta-layouts":"default","ast-page-background-enabled":"default","ast-page-background-meta":{"desktop":{"background-color":"var(--ast-global-color-5)","background-image":"","background-repeat":"repeat","background-position":"center center","background-size":"auto","background-attachment":"scroll","background-type":"","background-media":"","overlay-type":"","overlay-color":"","overlay-opacity":"","overlay-gradient":""},"tablet":{"background-color":"","background-image":"","background-repeat":"repeat","background-position":"center center","background-size":"auto","background-attachment":"scroll","background-type":"","background-media":"","overlay-type":"","overlay-color":"","overlay-opacity":"","overlay-gradient":""},"mobile":{"background-color":"","background-image":"","background-repeat":"repeat","background-position":"center center","background-size":"auto","background-attachment":"scroll","background-type":"","background-media":"","overlay-type":"","overlay-color":"","overlay-opacity":"","overlay-gradient":""}},"ast-content-background-meta":{"desktop":{"background-color":"var(--ast-global-color-4)","background-image":"","background-repeat":"repeat","background-position":"center center","background-size":"auto","background-attachment":"scroll","background-type":"","background-media":"","overlay-type":"","overlay-color":"","overlay-opacity":"","overlay-gradient":""},"tablet":{"background-color":"var(--ast-global-color-4)","background-image":"","background-repeat":"repeat","background-position":"center center","background-size":"auto","background-attachment":"scroll","background-type":"","background-media":"","overlay-type":"","overlay-color":"","overlay-opacity":"","overlay-gradient":""},"mobile":{"background-color":"var(--ast-global-color-4)","background-image":"","background-repeat":"repeat","background-position":"center center","background-size":"auto","background-attachment":"scroll","background-type":"","background-media":"","overlay-type":"","overlay-color":"","overlay-opacity":"","overlay-gradient":""}},"footnotes":""},"class_list":["post-490","page","type-page","status-publish","hentry"],"_links":{"self":[{"href":"https:\/\/stage2.fes25.eu\/index.php?rest_route=\/wp\/v2\/pages\/490","targetHints":{"allow":["GET"]}}],"collection":[{"href":"https:\/\/stage2.fes25.eu\/index.php?rest_route=\/wp\/v2\/pages"}],"about":[{"href":"https:\/\/stage2.fes25.eu\/index.php?rest_route=\/wp\/v2\/types\/page"}],"author":[{"embeddable":true,"href":"https:\/\/stage2.fes25.eu\/index.php?rest_route=\/wp\/v2\/users\/1"}],"replies":[{"embeddable":true,"href":"https:\/\/stage2.fes25.eu\/index.php?rest_route=%2Fwp%2Fv2%2Fcomments&post=490"}],"version-history":[{"count":13,"href":"https:\/\/stage2.fes25.eu\/index.php?rest_route=\/wp\/v2\/pages\/490\/revisions"}],"predecessor-version":[{"id":1060,"href":"https:\/\/stage2.fes25.eu\/index.php?rest_route=\/wp\/v2\/pages\/490\/revisions\/1060"}],"wp:attachment":[{"href":"https:\/\/stage2.fes25.eu\/index.php?rest_route=%2Fwp%2Fv2%2Fmedia&parent=490"}],"curies":[{"name":"wp","href":"https:\/\/api.w.org\/{rel}","templated":true}]}}